hen -1029*6/(-5 - 13) is divided by 86.
85
Suppose 5*x + 3*n = 35, -2*n + 30 = -45*x + 50*x. What is the remainder when 534 is divided by x?
2
Suppose -23*c - 14195 + 41726 = 0. Calculate the remainder when c is divided by 20.
17
Suppose -2*h - 2*q + 6 = -14, 16 = -4*q. Suppose 2*c = 4*r + 204, 333 = 3*c - 2*r + 23. Suppose -13*t - c = -17*t. What is the remainder when t is divided by h?
12
Calculate the remainder when 2 + (5 + 0 - 31500/(-105)) is divided by 59.
12
Let w be (-6)/(-30) + 156/20. Suppose i - 11 = -w. Suppose 5*m + i*m = 32. Calculate the remainder when m is divided by 1.
0
Suppose -2130 = 2*r - 2300. Calculate the remainder when 931 is divided by r.
81
Let a = 2208 + -2173. Let x(p) = 44*p - 15. Calculate the remainder when x(13) is divided by a.
32
Let o be (-12)/((-22)/18 + 1). Suppose o = 4*m - m. Let q = 20671 + -20622. Calculate the remainder when q is divided by m.
13
Let z(f) = -2*f**2 + 23*f + 200. What is the remainder when 383 is divided by z(14)?
123
Let l(s) = 4*s + 1. Calculate the remainder when (-49)/(-490) + (-34957)/(-130) is divided by l(5).
17
Suppose 5*f + 61 = d - 53, 0 = 5*f - 15. Let j = 21267 + -21250. What is the remainder when d is divided by j?
10
Suppose 18*t - 28*t + 1760 = 0. Suppose -10*b + t = -8*b. What is the remainder when b is divided by 13?
10
Suppose -12 - 2 = -7*s. Suppose 0 = -5*v + 2*q - 5*q + 1264, -q - 499 = -s*v. Calculate the remainder when v is divided by 23.
21
Let u(w) = w**2 + w + 2. Let i be u(-2). Let g(m) = 6*m**2 - 145 - 142 + 6*m + 263. What is the remainder when g(i) is divided by 33?
30
Calculate the remainder when 646 is divided by (-35)/(280/24) + (-2 - -3 - -12).
6
Let w(z) = -z**2 - 18*z + 18. Let y(a) = 8*a + 13. Let r be y(-4). Let i be w(r). Calculate the remainder when (4 - 106)/(i - 1) is divided by 19.
13
Let t(h) = h**3 + 12*h**2 + 12*h + 390. What is the remainder when 1230 is divided by t(-13)?
60
Let i = -9498 + 10078. What is the remainder when 581 is divided by i?
1
Let f = 47756 - 36047. Calculate the remainder when f is divided by 49.
47
Calculate the remainder when 902 is divided by ((1 - -25) + -31)*((-909)/15 - -1).
8
Let w be (8/10)/((-14)/(-3570)). Let z be (8 - (0 + 3)) + -2. Suppose -3*n + 879 = z*h + w, -2*h + 2*n = -466. Calculate the remainder when h is divided by 58.
55
Let p be (-1)/(1 + 3 + (-1 - 4)). Let u be -2 - (1 - p)/(-1). What is the remainder when 114 is divided by (-2 + u - -37) + -4?
27
Let m(g) = g**2 + g - 3. Let v(i) = -7*i**2 - 8*i - 3. Let c(k) = -5*m(k) - v(k). What is the remainder when c(6) is divided by 19?
13
Let f(n) = -27*n - 5 - n + 5*n + 10*n**2. Calculate the remainder when -2 + 32 + (0 - 1) is divided by f(3).
13
Suppose 3*h + 5*m - 403 = 0, -2*h + 7*h + 5*m - 665 = 0. Calculate the remainder when h is divided by 20.
11
Let h = -84 + 150. Let t(n) = 77 - 39 - h*n - 36 - 9*n. Calculate the remainder when t(-3) is divided by 23.
20
Let a(k) = -5 + 0 + 10 - 2*k + 7*k**2 + k**3 + 10*k. What is the remainder when 9 is divided by a(-2)?
0
Suppose -20*g + 1989 = -1071. What is the remainder when g is divided by 122?
31
What is the remainder when 470 - -124 - ((1 - -1) + -8) is divided by 24?
0
Suppose 15 = -0*f + f. Suppose 0 = -3*c + f + 12. Let m = -1 + c. Calculate the remainder when 53 is divided by m.
5
Let d = 430 + -178. Let y = 544 - d. Calculate the remainder when y is divided by 5.
2
Suppose 136*z - 1278 - 940 = -314. What is the remainder when (1 + 30)*(6 - 5) is divided by z?
3
Let b(a) = -510*a - 653. Calculate the remainder when b(-2) is divided by 81.
43
Suppose 5*h - 29 = -9. Suppose 0*a = -h*a - 16. Calculate the remainder when 168/1 + (-1 - (a - -3)) is divided by 13.
12
Let s(u) = 60*u + 670. What is the remainder when s(1) is divided by 53?
41
Suppose 16 = -k + 3*k. Let j(b) = -b**2 - 15*b - 27. Let m be j(-9). Let y = 4 + m. What is the remainder when y is divided by k?
7
Let v = 16206 - 1674. What is the remainder when v is divided by 45?
42
Let r = -13 + 22. Let u(b) = b**2 - 3*b - 5. What is the remainder when u(r) is divided by 9?
4
Let c be (-1 - -7)*9350/66. Calculate the remainder when 63 is divided by (3 - 1) + c/50.
6
Let g = -836 - -546. Let s = g + 315. Calculate the remainder when 62 is divided by s.
12
Let q = 176 - 65. Suppose 6*n - 838 = -856, 0 = -2*j - 4*n + 44. What is the remainder when q is divided by j?
27
Suppose -43*b + 40*b + i = -47, -5*b + 75 = -5*i. What is the remainder when (3 + 124/b)/((-4)/(-16)) is divided by 30?
13
Suppose 3*i + 3*b + 2*b + 301 = 0, 4*b + 299 = -3*i. Let z = i - -100. What is the remainder when 83 is divided by (z/9)/(-5*(-5)/3300)?
39
Let p = 148 - 60. Let r(d) = d**2 + 8*d - 147. Let i be r(10). What is the remainder when 128 is divided by ((-15)/(-4))/(i/p)?
8
Let g = 5167 - 5064. Let r = -52 - -78. Calculate the remainder when g is divided by r.
25
Suppose -51*j - 27*j + 139363 = -14843. Calculate the remainder when j is divided by 12.
9
Let r(l) = -l**3 - 63*l**2 + 61*l - 142. Let y be r(-64). Suppose -8*s + 6 + y = 0. Suppose -3*n + 3 = -138. Calculate the remainder when n is divided by s.
5
Let x = -68 + 78. Suppose 5*i = -15 - x. Let l = 6 + i. Calculate the remainder when 10 is divided by l.
0
Let u be 1 - (-21)/(-23) - 67/(-23). What is the remainder when 5 - (-131 + 5)/u is divided by 10?
7
Let g = -7103 - -7213. Calculate the remainder when 5386 is divided by g.
106
Let i = 27 - 32. Let l be 125 + 0/i*(-1)/1. Suppose 0 = -2*k + l + 101. What is the remainder when k is divided by 29?
26
Suppose 0 = 16*w - 22*w + 42. Let x be 6/6*(-1 - w). Calculate the remainder when 53 is divided by (-2)/10 + ((-448)/5)/x.
9
Let k = 64 + 128. Suppose 0*y - k = 6*y. Let i = y - -70. Calculate the remainder when i is divided by 10.
8
Suppose -3*z + 0 = -3, 4*z - 92 = -4*t. Suppose -19 - 6 = -5*f. Suppose 430 = 5*i + f*p, -4*p - 154 = i - 3*i. What is the remainder when i is divided by t?
17
Let i = 146 - 67. Let w(o) = o**3 + 4*o**2 - 4*o + 26. Suppose -35 = -4*v + 11*v. What is the remainder when i is divided by w(v)?
16
What is the remainder when (5 + -25)*((-285)/(-10))/(-1) is divided by 27?
3
Suppose 2*i + 25 = -35. Let z = i + 10. Calculate the remainder when (1 + 32/z)*-30 is divided by 11.
7
Suppose 8*o - 14498 = -3*o. Let u = o - 733. Calculate the remainder when u/18*(-12)/(-10) is divided by 7.
4
Suppose 5*q - 5*t = -10, 11 = 3*t + 14. What is the remainder when 80 is divided by -9 + 4 - q - (-77 - 3)?
2
Suppose 0 = -4*t - 2*s - 1026, 2*t - 6*t - 4*s - 1028 = 0. Let w = 446 + t. What is the remainder when w is divided by 64?
62
Suppose -3*h + i + 4 = 0, 4*h - 4*i - i - 9 = 0. What is the remainder when ((155 - h)/(-7))/(-1) is divided by 18?
4
Let x = 11 + -3. Let q = -190 + 214. What is the remainder when 90*(-5 + 116/q)*-2 is divided by x?
6
Let h(l) = 0*l**2 + 13*l - 5*l**3 - 34 - 2*l**2 + 8*l**3 + 15. Calculate the remainder when h(3) is divided by 12.
11
Let o(g) be the second derivative of g**4/4 + 5*g**3/6 - 6*g**2 - 7*g. Let q = -254 - -274. What is the remainder when o(-5) is divided by q?
18
Let f(b) = 24*b**2 - 16*b - 130. Let p(a) = -31*a**2 + 15*a + 131. Let s(z) = 4*f(z) + 3*p(z). Calculate the remainder when s(-5) is divided by 9.
7
Let c = 456 - 296. Suppose 5*f + 40 = c. Calculate the remainder when 139 is divided by f.
19
Suppose 173 + 1723 = -6*p + 30*p. What is the remainder when p is divided by (-65)/(-7) - 2/7?
7
Let k = 377 - 347. What is the remainder when 12/((-539)/(-1680) - 4/k) is divided by (-699)/(-21) - 4/14?
31
Suppose -4*o + x + 51 = 3, -2*x = -o + 19. Calculate the remainder when ((-44)/8 + 6)*-12 + 25 is divided by o.
8
Let o = -1619 + 1723. Calculate the remainder when 429 is divided by o.
13
Let w = 49 - 71. What is the remainder when 278 is divided by w/55 - (-408)/20?
18
What is the remainder when (43 - 0)*8 + (-22 - -15) + 7 is divided by 319?
25
Let w = 373636 + -373614. Suppose m - 3*s = 247, 4*m - 5*s - 989 = -8. Suppose 4*z - m = -q, -3*q - 71 - 3 = -z. What is the remainder when z is divided by w?
18
Suppose -v - 5*h - 3 = 0, 3*h = -2*v - 2*h + 9. Let c(a) = a**2 + 2*a - 40. Calculate the remainder when c(v) is divided by 26.
24
Suppose -4*t = -4*g - 16, -2*g - 12 = -2*t - 4*g. Suppose 5*v + 3*w = 9, 